) = i**2 + 2*i + 3. Let z be n(-2). Suppose 2*v - 175 = -z*v. Does 10 divide v?
False
Suppose -52 = -2*q + 32. Is q a multiple of 14?
True
Let f(y) = 2*y**3 + 2*y - 2. Let q be f(3). Let n = q + -25. Suppose 5 = g - n. Is g a multiple of 19?
True
Let i(r) = r**2 + 3*r + 4. Let n be i(-3). Let a = -2 + n. Suppose -a = 2*j - 28. Is j a multiple of 8?
False
Let j(k) = -1. Let d(u) = -2*u - 1. Let m(r) = d(r) + 6*j(r). Let o = -10 - -4. Is 5 a factor of m(o)?
True
Let b(t) = t**2 + t - 1. Let o(y) = 4*y**2 + 7*y - 7. Let h(j) = -3*b(j) + o(j). Let f be h(-6). Suppose 16 = g - f. Does 24 divide g?
True
Let k(o) = o - 3. Let r be k(-3). Let a(s) = -s**3 - 4*s**2 + 5*s + 3. Is a(r) a multiple of 18?
False
Suppose 2*y - y + 46 = 0. Let q(r) = -r**3 + 5*r**2 - 4*r + 2. Let v be q(4). Does 12 divide y*(v + (-5)/2)?
False
Suppose -3*f - 4*x + 3*x = -366, 2*x = f - 122. Is 35 a factor of f?
False
Suppose 6*l + 158 = 8*l. Does 31 divide l?
False
Let y(o) = 7*o + 10. Is y(5) a multiple of 14?
False
Suppose -t = 1, -2*t = 4*r - 7*t - 1. Let s(x) = 4*x - 3. Let l(u) = 3*u - 2. Let i(q) = -8*l(q) + 5*s(q). Is 4 a factor of i(r)?
False
Let d be (0/(-1))/(0 - -2). Suppose d = -3*a + 44 + 1. Is a a multiple of 15?
True
Is 26 a factor of 2/9 + (-19740)/(-108)?
False
Let a = 112 + -21. Does 13 divide a?
True
Let s(i) = 36*i**3 + i**2 - 2*i + 1. Does 18 divide s(1)?
True
Let h(s) be the third derivative of s**4/12 + s**3/6 + s**2. Let j be h(4). Let i = j - -16. Does 25 divide i?
True
Let o(v) = -1 + 5 - v + 2*v. Let s be o(8). Suppose -4*k + 68 = -4*u, 5*u - 77 = -5*k - s. Is 15 a factor of k?
True
Let o(d) = 5*d**2 + 5*d + 5. Let a be o(4). Suppose 4*c - c - 120 = 4*p, -3*c - p = -a. Does 21 divide c?
False
Let z = 1 - -1. Suppose -z*f - w + 4 = -7, 2*f - 7 = -5*w. Does 3 divide f?
True
Suppose 54 = 3*i - 162. Let t = i + -26. Is t a multiple of 23?
True
Suppose 0 = 6*m - 262 - 8. Is 9 a factor of m?
True
Let z be 36/10 - 6/(-15). Suppose -2*l + 67 + 45 = z*f, 9 = 3*f. Is 18 a factor of l?
False
Let i = 25 - 9. Let t be (8/(-6))/((-1)/(-18)). Does 10 divide 47/3 + i/t?
False
Let z = 42 - -6. Is 36 a factor of z?
False
Let s(d) = 40*d**2 + 4*d - 2. Does 14 divide s(1)?
True
Let s(p) = -3*p - p**3 - 3 + 4*p + 8*p**2 - 4*p - 2. Is 13 a factor of s(7)?
False
Let n = 348 + -153. Is 39 a factor of n?
True
Does 5 divide ((-176)/20)/(2/(-5))?
False
Let n(m) = 4*m**3 + 2*m**2 - 3*m - 3. Is n(4) a multiple of 36?
False
Let n(i) = 26*i**3 - i**2 + i. Is n(1) a multiple of 13?
True
Let f(x) = 2*x + 94. Does 34 divide f(0)?
False
Suppose -4*v + 5*n + 808 = -0*n, -5*v + 1055 = 5*n. Does 23 divide v?
True
Let m(a) = 5*a**2 + 2*a - 3. Let s be m(2). Let f = s + -12. Does 9 divide f?
True
Suppose 5*d - 28 = d. Let f = d + 10. Suppose -3*o - f = -86. Does 9 divide o?
False
Suppose 4*l - 4 = 0, 2*l - 86 = -3*n - 12. Is 12 a factor of n?
True
Let w(a) = -2*a**2 - 18*a + 23. Let m(j) = -3*j**2 - 27*j + 34. Let c(q) = 5*m(q) - 7*w(q). Let k be c(-10). Let h = 11 - k. Is h a multiple of 6?
True
Suppose 42 = 7*k - 4*k. Does 12 divide k?
False
Let s be (-4)/6 - 552/9. Let b = s - -90. Is b a multiple of 22?
False
Suppose 68 = 2*a + 3*t, -t = 2 + 2. Is a a multiple of 12?
False
Suppose -2*c + 8 - 2 = 0. Suppose c*a + 20 = 8*a. Is 2 a factor of a?
True
Suppose 0 = -f - 20 + 2. Let l = f - 11. Let u = 49 + l. Is u a multiple of 10?
True
Suppose -2*v + 173 = d, 0 = 4*v - 0*v - 5*d - 353. Is v a multiple of 13?
False
Suppose 0*w - 3*w + 509 = 2*g, 3*w + 3*g = 510. Is w a multiple of 13?
True
Let g = 96 - 42. Is g a multiple of 32?
False
Suppose 3*f + f - 392 = 0. Is f a multiple of 18?
False
Let w = -6 - -72. Does 22 divide w?
True
Let k(c) = -2*c + 19. Let r be 3*(-21)/9 + -3. Does 13 divide k(r)?
True
Suppose -2*n = -2*s - 314, -226 - 91 = -2*n + 3*s. Does 14 divide n?
True
Let b(z) = 10*z - 12. Is b(3) a multiple of 6?
True
Let w be (-23 - 5)*(-2)/8. Is 2/w - 33/(-7) a multiple of 5?
True
Suppose 0 = -2*l + b + 4 + 3, 0 = -l - 4*b + 26. Let c = -2 + l. Suppose -2*h = -c*h + 42. Is 8 a factor of h?
False
Let q be 0 + (-4 - (-3 + 3)). Does 6 divide -1 - q - (0 - 9)?
True
Suppose 2*h + 2*h - 16 = 0. Let t(n) = 5*n**2 - 3*n - 1. Let j(o) = 9*o**2 - 7*o - 1. Let b(r) = h*j(r) - 7*t(r). Does 3 divide b(7)?
True
Let v(b) = -5*b - 3. Let t(j) = 5*j**2 + 3*j**3 + 3 - 4*j**3 + 5*j + 1. Let m be t(6). Does 6 divide v(m)?
False
Let k(b) = -18*b - 28. Is k(-15) a multiple of 49?
False
Let s(r) = 11*r**2 + 7*r + 3. Let b be s(-5). Suppose t = 4*h + 24 + 64, 3*t - b = 5*h. Is 19 a factor of t?
True
Let x(b) = -b**3 + 2*b - 1. Let f be x(1). Suppose 2*t - 2*d - 8 = -f*t, 5*t - 30 = -5*d. Suppose t*w + 4*j - 19 = 1, -3*w = 5*j + 1. Is 8 a factor of w?
True
Suppose -5 - 10 = -m. Does 7 divide (42/4)/(m/20)?
True
Suppose -o - o + 196 = 0. Does 30 divide o?
False
Is (-258)/(-9) + (-2)/3 a multiple of 9?
False
Suppose -5 - 3 = 2*p, -4*p - 6 = 5*j. Is 5*-14*j/(-20) a multiple of 7?
True
Let c(p) = 18*p - 12. Is c(8) a multiple of 11?
True
Suppose 2*y - 3*y + 3 = 0. Suppose 5*q - 3 = d + y, 0 = 4*d + q - 60. Let a = d + -8. Is a a multiple of 3?
True
Let v(l) = l**3 + 7*l**2 + 8*l - 1. Is v(-5) a multiple of 4?
False
Let h be (-6)/3*3/(-2). Let u = 8 - h. Suppose u*o + i - 15 = 1, 2*o + i - 4 = 0. Is 3 a factor of o?
False
Suppose -5*u + 13 = -4*m, 3*m - 5*u + 16 = -0*m. Suppose 0 = -5*l + 4*s + 41, l = -m*s - s - 11. Is l even?
False
Suppose 3*j + 5 + 25 = 5*p, 5*p - 5 = -2*j. Suppose v = p*v - 40. Does 10 divide v?
True
Suppose v - 3*i - 8 = 0, -i + 6 = -4*i. Suppose q - 117 = -v*q. Suppose 0 = 4*j - 81 - q. Is 15 a factor of j?
True
Let i = -115 - -228. Does 21 divide i?
False
Does 15 divide 7 + 13 - (0 + 1)?
False
Suppose 0 = -v + 3*w - 55, v + v + 110 = -w. Let h = v + 115. Is 16 a factor of h?
False
Let h be 536/14 + 6/(-21). Let w = 56 - h. Is 18 a factor of w?
True
Let a be (-1)/(-4) - 14/(-8). Let v = 29 - 27. Does 2 divide (1/2 + v)*a?
False
Suppose -3*b + 296 = 2*b - 3*g, -3*b - 2*g + 170 = 0. Is b a multiple of 29?
True
Let z(x) = -x**3 - 3*x**2 - 3*x - 2. Let s be z(-2). Let b be (-6 + 9)*(2 - -1). Suppose s*r - b = -4*w - 3*r, 2*w = 2*r + 8. Is 2 a factor of w?
False
Suppose 5*j = -5*x + 225, 5*j - j = 5*x + 180. Is 14 a factor of j?
False
Let q be (-3)/4 - (-215)/20. Suppose p = q + 11. Is p a multiple of 16?
False
Suppose 0 = -l - s - 2*s + 3, 0 = -4*l - 5*s + 12. Suppose 5*h + z = -l*z + 6, 2*h + 5*z - 16 = 0. Does 12 divide 31 - -3*h/6?
False
Suppose 0 = -3*x + q - 0*q + 43, 4*x - 48 = -q. Let i = 18 - x. Suppose -i*n + 76 = -5*y - 49, -10 = 5*y. Is n a multiple of 11?
False
Let a be 5/(-2)*2/(-5). Let d be (1 - a)/(0 - -3). Suppose 2*h + d*h - 12 = -4*n, 0 = 3*n - 5*h - 22. Is n even?
True
Let p(v) = -v**3 + 19*v**2 + 3*v - 47. Is 5 a factor of p(19)?
True
Suppose 0 = -3*w + 2*f + 128, 0 = 4*w - 5*f - 247 + 88. Is w a multiple of 13?
False
Let b(z) = z + 6. Let f be b(10). Let l = f + -11. Suppose 70 = l*r - 0*r. Does 10 divide r?
False
Does 14 divide (-224)/(-6)*15/10?
True
Suppose 2*w - 48 = n, -8*w + 3*w + 4*n + 126 = 0. Does 9 divide w?
False
Suppose 0 = -3*y - 1 + 34. Suppose 3*i = y + 25. Is 6 a factor of i?
True
Let k = 11 + 31. Does 13 divide k?
False
Let k be (3/1)/(9/12). Suppose k*c = -0*c - 16. Let v(i) = i**3 + 5*i**2 - 3*i. Is 12 a factor of v(c)?
False
Let v(w) = -74*w - 19. Does 21 divide v(-5)?
False
Suppose 5*h = 4 + 1. Let u = h + 19. Is 10 a factor of u?
True
Suppose 0 = d + s - 1 - 7, 4*s = -3*d + 24. Suppose 2*o - 4*o = 6. Let g = d + o. Is g a multiple of 3?
False
Let i be (0/1)/(-1) + -1. Let h = i - -6. Suppose h*z = -0*z + 80. Is 16 a factor of z?
True
Let w(n) = n**2 + 7*n + 9. Let r be w(-4). Suppose 3*h = -6, 3*h + 6 = -m - 2*h. Is 5 a factor of 10/m*(r - -7)?
True
Let g(i) = 6*i + 25. Is 19 a factor of g(18)?
True
Suppose 2*r + 24 = 4*r. Does 6 divide r?
True
Suppose -4*d + 9 = -d. Let z(o) = -3 - o**d - 4*o**2 + o - o + 3*o. Is 7 a factor of z(-5)?
True
Suppose 0 = -3*i - t + 4 + 8, 0 = 2*i + 3*t - 15. Let w = i - -14. Does 11 divide w?
False
Suppose -14*t - 36 = -17*t. Is t a multiple of 6?
True
Suppose m - 2*m + y = -11, 0 = 2*m - y - 17. Suppose -2*k + m*k = 0. Suppose -5*v + 1 + 14 = k. Does 2 divide v?
False
Let z(x) = -9*x - 1. Let u be z(-1). Let s be 